0) to base 9.
-346021
Convert -1011110000110010 (base 2) to base 14.
-137b4
What is -13666761 (base 8) in base 6?
-150342241
Convert -424013003 (base 5) to base 10.
-1782253
What is -36d0 (base 16) in base 2?
-11011011010000
What is -347471 (base 16) in base 4?
-31013101301
Convert -1404310311 (base 5) to base 10.
-3588206
Convert -97859d (base 14) to base 8.
-23450157
What is 20200110 (base 4) in base 7?
203364
6631128 (base 9) to base 10
3563459
4d3d1 (base 14) to base 3
100122210000
Convert 274763 (base 14) to base 2.
101001011010011000011
-84c9 (base 13) to base 15
-56cc
What is 1341443 (base 5) in base 9?
42051
What is 211590 (base 10) in base 2?
110011101010000110
12323133131 (base 4) to base 9
3367738
Convert 101031123102 (base 4) to base 2.
10001001101011011010010
-11110011000110111000 (base 2) to base 7
-11315054
Convert -114b11 (base 12) to base 4.
-1003320331
-516b (base 15) to base 5
-1022301
-12241045 (base 7) to base 11
-693304
Convert 2bc9c (base 14) to base 16.
1abc2
What is -952de (base 15) in base 10?
-473159
What is -202212001 (base 4) in base 14?
-398d3
-143b4a (base 13) to base 16
-789e1
What is -2012001012 (base 4) in base 15?
-ac9a9
f3912 (base 16) to base 12
401416
-2014344033 (base 5) to base 6
-223000524
What is 32610643 (base 7) in base 13?
774a30
Convert -683640 (base 9) to base 13.
-114504
What is 6c443 (base 15) in base 3?
122112112200
What is -8572551 (base 10) in base 5?
-4143310201
65758 (base 9) to base 14
11c87
What is -1322313211 (base 4) in base 6?
-14441541
Convert 503065 (base 7) to base 11.
58a44
What is 1f7779 (base 16) in base 11?
11893a9
968445 (base 13) to base 2
1101011110001000110000
What is 100010001011000010101100 (base 2) in base 6?
520000444
What is 338ea8 (base 16) in base 15?
46b221
-1011010010110011000011 (base 2) to base 13
-7c872b
What is 7cc5bd (base 16) in base 12?
28a4139
Convert -2105775 (base 8) to base 14.
-1081ad
What is 79602 (base 10) in base 2?
10011011011110010
Convert -4d20a (base 16) to base 12.
-1329a2
1001324314 (base 6) to base 4
212232111112
Convert -40062206 (base 7) to base 2.
-1100100111111100111000
What is 127148 (base 11) in base 4?
300302033
What is -1101001110000000111110 (base 2) in base 3?
-20112001110122
Convert -1111101110100000111011 (base 2) to base 12.
-146998b
Convert 5075634 (base 8) to base 5.
320423424
-2a756 (base 16) to base 2
-101010011101010110
Convert 3768 (base 12) to base 16.
1880
53533510 (base 6) to base 7
16312614
-4002464 (base 7) to base 10
-471524
-159407 (base 15) to base 12
-42405a
-2a7040 (base 11) to base 6
-14124213
What is 2ba93 (base 14) in base 13?
3a879
What is 241314302 (base 5) in base 7?
12343111
477317 (base 11) to base 9
1372512
b76081 (base 15) to base 4
201102310333
Convert -25723 (base 10) to base 16.
-647b
1003001223323 (base 4) to base 11
9a11022
Convert -13123403 (base 5) to base 3.
-20121010101
Convert -1537344 (base 9) to base 10.
-851755
-2372a (base 11) to base 15
-a1be
What is -100002002120202 (base 3) in base 14?
-8d8150
4a270 (base 14) to base 6
3520414
What is 102121020010020 (base 3) in base 14?
b66b44
49a28 (base 12) to base 11
69120
100a0d (base 15) to base 8
2717446
Convert -2111721 (base 9) to base 8.
-4236517
66a95 (base 11) to base 10
97146
1625255 (base 10) to base 8
6146247
What is -82306 (base 12) in base 4?
-221130312
Convert -125531 (base 9) to base 4.
-102213121
Convert -11231033 (base 4) to base 11.
-16620
-10120101002112 (base 3) to base 12
-775912
What is -1970104 (base 12) in base 6?
-311040404
What is 6500 (base 15) in base 2?
101001101111111
424540340 (base 6) to base 11
4269816
What is 6dc8 (base 15) in base 16?
5b43
Convert 31053 (base 8) to base 4.
3020223
-100011110101001101 (base 2) to base 15
-2d745
Convert 523a37 (base 15) to base 16.
3bab98
70c9d (base 14) to base 4
1002100223
What is 60c26d (base 15) in base 9?
8576274
-36001 (base 12) to base 15
-16787
-105353102 (base 8) to base 11
-a307200
What is -45557 (base 11) in base 9?
-110336
What is -1a420a (base 14) in base 7?
-10635113
Convert -9a2334 (base 12) to base 8.
-11262530
Convert 117921 (base 10) to base 15.
24e16
What is 6034360 (base 7) in base 8?
2563642
What is 1411465 (base 7) in base 9?
315627
31803 (base 16) to base 9
338113
82406 (base 14) to base 7
2444206
What is 10100011111000000011001 (base 2) in base 5?
2333314011
What is 3731a (base 14) in base 9?
225245
-871acb (base 13) to base 6
-152011541
What is -40689a (base 12) in base 10?
-1006966
Convert 46017 (base 15) to base 12.
a8b04
Convert -240622365 (base 7) to base 9.
-31075460
What is 2200011300 (base 4) in base 10?
655728
-7b5c53 (base 15) to base 14
-ad5401
What is 52d6b (base 16) in base 12?
144437
What is 31002313122 (base 4) in base 13?
92964c
What is 357804 (base 9) in base 13?
7724b
1110230110 (base 4) to base 14
905c8
434276 (base 12) to base 10
1064826
-104616 (base 12) to base 6
-5300030
What is -50a0d (base 14) in base 4?
-233120011
Convert -867236 (base 14) to base 11.
-262a5a1
What is -10001001101100010011101 (base 2) in base 14?
-8563c9
Convert 310123102 (base 4) to base 11.
137377
What is -15440 (base 7) in base 13?
-1c8b
-3a99b7 (base 12) to base 2
-11101101000001011011
What is -4411430413 (base 5) in base 11?
-5397991
What is 126483a (base 11) in base 4?
20112021010
What is -11048084 (base 10) in base 4?
-222021102110
What is 72688e (base 15) in base 10?
5439059
-11216404 (base 7) to base 6
-32554321
What is 633c86 (base 13) in base 12?
93ba22
-642ccb (base 15) to base 11
-2767621
44005151 (base 7) to base 2
1110010111100100101000
What is -491411 (base 12) in base 7?
-13031452
-15b5576 (base 12) to base 2
-10001000010101111101010
Convert 1d94bc (base 15) to base 12.
59a620
What is -2e4cd4 (base 15) in base 11?
-12a2969
What is 4053341 (base 6) in base 4?
233111131
Convert -5629868 (base 10) to base 8.
-25363654
What is 110011011111111100101001 (base 2) in base 9?
27355713
-110000001110100001000 (base 2) to base 12
-642634
What is -2b452 (base 15) in base 12?
-68788
What is -27013 (base 8) in base 5?
-334122
Convert -2262612 (base 7) to base 4.
-1011122103
-502d96 (base 14) to base 16
-292848
What is 2104323 (base 5) in base 10?
34963
-1011002120012 (base 3) to base 6
-21041305
Convert 549c4 (base 14) to base 3.
101102012022
Convert 634414 (base 7) to base 2.
11010110000111000
What is 337763 (base 8) in base 3?
12211022020
-735180 (base 10) to base 11
-462396
What is a9a7b (base 15) in base 4?
2003211233
1101001222002 (base 3) to base 12
2b2348
3322431 (base 5) to base 6
1123522
baaa9 (base 15) to base 2
10010000110010001010
Convert 1b07369 (base 12) to base 8.
25702501
Convert -10000000100100010 (base 2) to base 12.
-32116
What is -101112002111 (base 3) in base 13?
-73360
Convert 3202023223 (base 4) to base 14.
1a18a7
102242421 (base 5) to base 6
13123150
What is -14177516 (base 8) in base 12?
-10aa326
What is -20312131033 (base 4) in base 12?
-93a867
Convert 61151 (base 13) to base 10.
173798
Convert -7745564 (base 8) to base 16.
-1fcb74
Convert -1237507 (base 9) to base 14.
-137c77
What is 425704 (base 10) in base 6?
13042504
48ab0 (base 12) to base 8
300044
Convert 425304 (base 6) to base 9.
52764
Convert 1101320211 (base 4) to base 7.
2564556
11a6588 (base 11) to base 5
1013301314
-13a97 (base 12) to base 4
-12231103
174215 (base 8) to base 13
22c67
What is -9e56 (base 15) in base 5?
-2033411
Convert 1c40ba5 (base 14) to base 13.
2c10a04
101001202100 (base 3) to base 4
300113130
Convert 4124688 (base 10) to base 14.
795248
-3d3cb (base 15) to base 8
-600010
What is -a5684 (base 11) in base 8?
-454433
4743476 (base 9) to base 13
6bbab2
Convert 1321304401 (base 5) to base 15.
454c1b
What is -20232132 (base 5) in base 4?
-220030323
What is 2a223ba (base 12) in base 3?
121000010202021
-360637 (base 8) to base 11
-846a7
What is -27513 (base 12) in base 11?
-37887
1232130 (base 7) to base 4
212313312
What is 1400342210 (base 5) in base 2?
1101011101010001111101
What is 145442 (base 11) in base 3?
102112010000
What is 201013322 (base 4) in base 12?
66622
What is -8baaf0 (base 16) in base 10?
-9153264
-2040033120 (base 5) to base 3
-21221110011122
Convert 11c98c (base 15) to base 9.
1538556
What is -156495 (base 11) in base 10?
-242830
Convert -2ab9